 t(v)?
0
Suppose 26 = -3*b - 0*b - 4*d, -4*b - 2*d = 18. Let k be b + (2 + 2 - (-2)/2). Suppose k*v + 0*v - 147 = 0. What is the tens digit of v?
4
Let w = -553 - -545. What is the tens digit of 382 + 3*(w - -9)?
8
Let a(y) = -y**3 + 10*y**2 - 17*y + 72. Let m be a(9). Suppose 12*c - 60 - 48 = m. What is the units digit of c?
9
Let w be (-14)/(-3)*3/(-2). Let j(l) be the first derivative of l**4/4 + 7*l**3/3 - 3*l**2 + 15*l + 13. What is the tens digit of j(w)?
5
Let b(a) = -4*a - 2. Suppose -3*x - j = 7, j = 4*x + 2*j + 8. Let r be b(x). Suppose -5*f - 105 = -r*t - 422, 5*f - 312 = -3*t. What is the tens digit of f?
6
Let t(y) = 1101*y + 830. What is the tens digit of t(5)?
3
Let w(q) = q**3 + 41*q**2 - 99*q - 263. What is the thousands digit of w(-42)?
2
Let d = 2798 - 1120. Suppose d + 4412 = 3*p. What is the tens digit of p?
3
Suppose 0 = 4*q - 12, -4*q = -0*w - 3*w - 84. Let z(d) = -d**2 - 21*d + 42. Let c be z(w). What is the tens digit of 2/(-12) + (-6635)/c?
2
Suppose -4*f = 2*c - 18 + 6, 4 = 5*c - 3*f. Suppose 3*u + y = -4*y + 176, c*y - 57 = -u. Let o = 53 + u. What is the units digit of o?
0
Suppose -121*w - 23*w = -1746432. What is the ten thousands digit of w?
1
Let t(r) = -r**2 + r + 117. Suppose 0*s - 6*s = -108. Let h = -18 + s. What is the hundreds digit of t(h)?
1
Let u(w) = -w**2 - 44*w - 14. Let i(m) = 12*m + 16. Let j be i(-4). What is the units digit of u(j)?
0
Let x = 1 + 8. Suppose -2*c + x*c = -574. Let s = 171 + c. What is the tens digit of s?
8
Suppose 4*x + 29 = -2*u - 3, 0 = 3*u - 5*x - 7. Let j be 668/u - (-1)/3. Let r = j + 224. What is the units digit of r?
3
Suppose -9*y - 179585 = -44*y. What is the thousands digit of y?
5
Suppose -4*n + 350*z - 352*z + 75194 = 0, 56398 = 3*n - z. What is the ten thousands digit of n?
1
Let h = 9455 - 5426. What is the units digit of h?
9
Let p(f) = 28*f**3 - 15*f**2 - 10*f**2 + 4*f + 2560 + 2579 - 7*f**3 - 5154. What is the tens digit of p(4)?
4
Let l(c) = 32*c**2 + 4*c + 3. Suppose 8*g = -2*g + 850. Let s = -86 + g. What is the units digit of l(s)?
1
Let h(w) = 8*w**3 + 14*w**2 + 23*w + 12. What is the thousands digit of h(8)?
5
Let v(w) = -28*w - 110. Suppose 6*a = 13*a + 147. What is the units digit of v(a)?
8
Suppose -f - 4 + 38 = 0. Suppose 7*n - 13 = -f. What is the units digit of (2/n)/(-4 - 958/(-240))?
0
Suppose 44*s = 64074 + 606. Suppose -s - 322 = -14*y. What is the tens digit of y?
2
Let h(f) = -35*f + 1. Let n be h(-2). What is the hundreds digit of 5/((-212)/n + (20 - 17))?
3
Let k(d) be the second derivative of -41*d**2 - 23/6*d**3 + 17*d + 0. What is the tens digit of k(-8)?
0
Let h(m) be the first derivative of -m**4/4 - 13*m**3/3 - 8*m**2 - 3*m - 31. What is the tens digit of h(-12)?
4
Let p(t) = 3*t**2 - 12*t - 17. Let v be p(6). Let l be (12/10)/(2/5). Suppose 3*w + v = b - 68, 12 = -l*w. What is the tens digit of b?
7
Let i(w) = -w**3 + 16*w**2 + 17*w. Let t be i(0). Suppose 2637 = 2*s + 3*n, -n - 3 = -2. Suppose j - 11*j + s = t. What is the units digit of j?
2
Let q(n) = 835*n - 1796. What is the units digit of q(26)?
4
Suppose -5*s - 47 = -5*m - 12, 2*m - 24 = 4*s. Suppose m*j - 5*q - 311 = 154, -5*q + 1110 = 5*j. What is the tens digit of j?
2
Suppose 0 = 5*n - 13269 + 1244. Suppose -10*q = -23*q + n. What is the hundreds digit of q?
1
Suppose -6*g - 13*g + 548786 = -5*g. What is the hundreds digit of g?
1
Let a = 93 + -90. Suppose -a*k + 4 - 19 = 0. Let h(y) = -50*y + 9. What is the units digit of h(k)?
9
Let s(q) = -q - 18. Let b be s(-18). Let l(p) = p**3 + p**2 + p + 174. Let w be l(b). Suppose c - 3*c + w = 0. What is the units digit of c?
7
Let o(f) = 16*f**2 - 22*f + 493. What is the thousands digit of o(20)?
6
Suppose -52549 = -4*n - 4*c + 9183, -5*n - 4*c = -77167. What is the units digit of n?
5
Let j be 28/14 - 2/(1*-1). Suppose -412 = -h - h - n, 3*h - j*n = 596. Suppose h = 9*a - 6*a. What is the tens digit of a?
6
Let w(j) = 7*j + 1. Let q be w(-3). Let y be (-1 - 4)*(-8)/q. What is the tens digit of 3004/30 + y/15?
0
Suppose 3*n - 882 = -0*n. Suppose 2*b - n = -5*k, b - 120 = -5*k + 177. Suppose 7*g - k = 2*g. What is the tens digit of g?
1
Suppose 5*r - 13 = 77. Suppose -69*p + 64*p = 150. What is the units digit of 1138/r + p/135?
3
Let k be 1 + 26 + 3 + 3. Suppose -7 = -5*h - z + 64, -k = -2*h - 5*z. Let b = 4 + h. What is the tens digit of b?
1
Let c(w) = 264*w**3 - 18*w**2 - 5*w + 28. What is the tens digit of c(4)?
1
Let i(h) = 3 - 44 - 119*h + 23*h**2 + 131*h + h**3. What is the thousands digit of i(-19)?
1
What is the thousands digit of (-776 - -14)*(-158)/3?
0
Suppose 5*a - 4*v - 2100 = 0, -7*a + 5*v + 1680 = -3*a. Suppose 63*z + a = 61*z. Let o = z + 331. What is the units digit of o?
1
What is the thousands digit of 0*(-3 + 12/3) - (-7368 - 42)?
7
Suppose 0 = t + 98 + 173. Let g = t + 333. What is the units digit of g?
2
Let u(q) = -1620*q - 1635*q - 91 + 3419*q. What is the hundreds digit of u(6)?
8
Let i(v) = 108*v - 30. Let z(o) = 53*o - 16. Let n(r) = -4*i(r) + 7*z(r). What is the units digit of n(-14)?
2
Suppose 73 = 2*y + 5*d, 8*y + 2*d - 186 = 4*y. Suppose 0 = -41*u + y*u - 5936. What is the units digit of u?
2
Let x(f) = 14*f**3 + 6*f**2 - 5*f - 7. Let y be x(-4). Let g = y + 1270. What is the units digit of g?
3
Let x(n) = 3*n**3 + 15*n**2 - 3*n + 31. Let c be x(-8). Let t = -243 - c. What is the tens digit of t?
7
Suppose -7*n + 2*n = 0, -4*z - 2*n = z - 69010. What is the ten thousands digit of z?
1
Let v(m) be the second derivative of -1/6*m**3 - 19*m + 0*m**2 + 55/3*m**4 + 0. What is the units digit of v(-1)?
1
Suppose 700 = 9*g - 2*g. Suppose -3*h + g + 572 = 0. Suppose -5*m = -5*r - 280, -5*m + h = -m + 3*r. What is the units digit of m?
6
Suppose -2*d - 511 = 1251. Let q = d - -1362. What is the tens digit of q?
8
Let o = -9773 + 33867. What is the ten thousands digit of o?
2
Suppose 133*u + 16 = 137*u. What is the tens digit of u/(-6)*4/((-16)/366)?
6
Let b(g) = -g**3 - 3*g**2 + 8*g. Let x be b(-5). Let i(r) = x*r + 12 + 0*r**2 - 2*r**2 - 4*r + 11*r. What is the tens digit of i(8)?
2
Let k = -232 - -13. Let z = 371 + k. What is the tens digit of z?
5
Let c(p) be the first derivative of 8*p**3/3 - 14*p**2 + 19*p - 94. What is the units digit of c(9)?
5
Suppose 16*i = 23*i - 143773. What is the tens digit of i/138 + 10/(-12)?
4
Let x(g) = 8*g**2 + 9*g + 39. Let c be x(-3). Let b = c + -56. What is the tens digit of b?
2
Suppose 4 = 5*g - 21. Suppose -3*p - 5*w = -20, -5*w - 24 = -g*p - 4*w. What is the units digit of 10/50 - (-444)/p?
9
What is the tens digit of (-1140258)/(-36) - 23/(-138)?
7
Let u = 17750 + 7899. What is the ten thousands digit of u?
2
What is the ten thousands digit of (-218)/545 + (-104774)/(-10)?
1
Let o = 254 - 30. Suppose -1170 = o*j - 229*j. What is the hundreds digit of j?
2
What is the tens digit of 0 + (-1 - (-123780)/9) + (-94)/282?
5
Suppose -2*r + 45 = i + r, -i - 5*r = -55. Suppose -4*m + i = -374. Suppose 2*z - o = m, -3*z = -3*o - 0*o - 156. What is the tens digit of z?
4
Suppose 5*j - 8*j - v + 110 = 0, -2*j = -4*v - 78. Suppose -j - 82 = -2*c + 5*t, 4*c - 230 = 2*t. Suppose 4*q - 275 = c. What is the units digit of q?
3
Let g(h) = -3*h - 24. Let a be (1 - 0/1) + -11. Let j be g(a). Suppose -j*s - 141 + 963 = 0. What is the hundreds digit of s?
1
Suppose 261*v - 3*p - 132009 = 255*v, 0 = -4*v + p + 88009. What is the hundreds digit of v?
0
Let p = 28530 + -18845. What is the thousands digit of p?
9
Let g be (-495)/(-1) + -10 + 7. Suppose -25*k + 28*k = g. What is the hundreds digit of k?
1
Let h(o) = -33*o + 11. Suppose -2*r - 2*t - 9 = t, -5*r = t + 55. What is the hundreds digit of h(r)?
4
Suppose -4*k - 416 = -4*y, y = -17*k + 12*k - 514. Let q = 45 - k. What is the hundreds digit of q?
1
Let c(m) = 4*m**3 - m**2 - 3*m + 8. Suppose 5*k + 35 = 5*z, z + 1 - 2 = -k. Let q be c(z). Let x = 366 - q. What is the units digit of x?
0
Let m = 25182 - 491. What is the tens digit of m?
9
Let u = -714 + 387. Let w = 615 + u. Suppose 0*d - 3*d = -w. What is the units digit of d?
6
Let n be (1/3)/((-28)/(-504)). Suppose -g + n*g - 2965 = b, g - 589 = b. What is the units digit of g?
4
Let b be (-39)/33 + 1 + 24/11. Suppose b*s + 0 - 10 = 0, j - s = -538. Let w = j + 800. What is th